{"id":6949,"date":"2015-02-02T04:30:57","date_gmt":"2015-02-02T04:30:57","guid":{"rendered":"http:\/\/rttheme19.rtthemes.com\/?page_id=9"},"modified":"2016-03-22T02:37:33","modified_gmt":"2016-03-22T01:37:33","slug":"o_me","status":"publish","type":"page","link":"https:\/\/vicnezbuh.cz\/wordpress\/o_me\/","title":{"rendered":"O m\u011b"},"content":{"rendered":"<p>[vc_row rt_row_background_width=&#8220;fullwidth&#8220; rt_row_content_width=&#8220;default&#8220; rt_row_style=&#8220;default-style&#8220; rt_row_borders=&#8220;&#8220; rt_row_paddings=&#8220;true&#8220; rt_bg_image=&#8220;2369&#8243; rt_bg_effect=&#8220;parallax&#8220; rt_bg_parallax_effect=&#8220;3&#8243; rt_bg_image_repeat=&#8220;repeat&#8220; rt_bg_size=&#8220;cover&#8220; rt_bg_position=&#8220;right top&#8220; rt_bg_video_format=&#8220;self-hosted&#8220; rt_padding_top=&#8220;100&#8243; rt_padding_bottom=&#8220;140&#8243;][vc_column rt_bg_image_repeat=&#8220;repeat&#8220; rt_bg_size=&#8220;auto auto&#8220; rt_bg_attachment=&#8220;scroll&#8220;]<div class=\"rt_heading_wrapper style-4\">\n\t\t\t\t\t\t<h1 class=\"rt_heading  style-4\" >O m\u011b a ob\u010dasn\u00fdch pomocnic\u00edch<\/h1>\n\t\t\t\t\t<\/div>[\/vc_column][\/vc_row][vc_row rt_row_background_width=&#8220;fullwidth&#8220; rt_row_content_width=&#8220;default&#8220; rt_row_style=&#8220;default-style&#8220; rt_row_borders=&#8220;bottom&#8220; rt_row_paddings=&#8220;true&#8220; rt_bg_effect=&#8220;classic&#8220; rt_bg_image_repeat=&#8220;repeat&#8220; rt_bg_size=&#8220;cover&#8220; rt_bg_position=&#8220;right top&#8220; rt_bg_attachment=&#8220;scroll&#8220; rt_bg_video_format=&#8220;self-hosted&#8220;][vc_column rt_bg_image_repeat=&#8220;repeat&#8220; rt_bg_size=&#8220;auto auto&#8220; rt_bg_attachment=&#8220;scroll&#8220;][vc_column_text]<\/p>\n<h3>Vyd\u011bl\u00e1v\u00e1m si prac\u00ed kolem po\u010d\u00edta\u010d\u016f. Mus\u00edm, jsem bez pr\u00e1ce, st\u00e1t mi neplat\u00ed n\u00e1klady na bydlen\u00ed.<\/h3>\n<p>[\/vc_column_text][\/vc_column][\/vc_row][vc_row rt_row_background_width=&#8220;fullwidth&#8220; rt_row_content_width=&#8220;default&#8220; rt_row_style=&#8220;default-style&#8220; rt_row_borders=&#8220;&#8220; rt_grid=&#8220;true&#8220; rt_row_paddings=&#8220;true&#8220; rt_bg_effect=&#8220;classic&#8220; rt_bg_image_repeat=&#8220;repeat&#8220; rt_bg_size=&#8220;cover&#8220; rt_bg_position=&#8220;right top&#8220; rt_bg_attachment=&#8220;scroll&#8220; rt_bg_video_format=&#8220;self-hosted&#8220;][vc_column width=&#8220;1\/2&#8243; rt_bg_image_repeat=&#8220;repeat&#8220; rt_bg_size=&#8220;auto auto&#8220; rt_bg_attachment=&#8220;scroll&#8220;]<div class=\"rt_heading_wrapper style-1\">\n\t\t\t\t\t\t<h4 class=\"rt_heading  style-1\" >S \u010d\u00edm V\u00e1m pom\u016f\u017eu?<\/h4>\n\t\t\t\t\t<\/div>[vc_column_text]<\/p>\n<h2>Nab\u00edz\u00edm tyhle slu\u017eby kolem po\u010d\u00edta\u010d\u016f:<\/h2>\n<div>\n<ul>\n<li>sestaven\u00ed <a href=\"http:\/\/vicnezbuh.cz\/pc.aspx\">PC<\/a> z komponent\u016f (v\u00fdhoda z\u00e1ruka je na n\u011bco i v\u00edc jak dva roky)<\/li>\n<li>servis <a href=\"http:\/\/vicnezbuh.cz\/pc.aspx\">PC<\/a> (servis jen Doma\u017elicko a okol\u00ed)<\/li>\n<li><a href=\"http:\/\/vicnezbuh.cz\/vzdaleny_pristup.aspx\">vzd\u00e1len\u00fd<\/a> servis na d\u00e1lku p\u0159es internet v\u0161eho, do \u010deho se dostanu<\/li>\n<li>spr\u00e1va a vybudov\u00e1n\u00ed po\u010d\u00edta\u010dov\u00e9 s\u00edt\u011b (doma, ve firm\u011b, sd\u00edlen\u00ed internetu)<\/li>\n<li>konfigurace r\u016fzn\u00fdch za\u0159\u00edzen\u00ed (Wi-Fi router, IP telefon, televize, IP kamery,&#8230;)<\/li>\n<li>tvorba a spr\u00e1va webov\u00fdch str\u00e1nek\u00a0(i registrov\u00e1n\u00ed voln\u00e9 dom\u00e9ny)<\/li>\n<li>vytv\u00e1\u0159en\u00ed r\u016fzn\u00fdch animac\u00ed na po\u010d\u00edta\u010di (pou\u017e\u00edv\u00e1m program <a id=\"MainContent_HyperLink4\" href=\"http:\/\/www.blender.org\/features\/demo-reels\/\" target=\"_blank\">Blender<\/a> )<\/li>\n<li>\u00faprava dom\u00e1c\u00edho videa (st\u0159ih,rozmaz\u00e1n\u00ed ne\u017e\u00e1douc\u00edch p\u0159edm\u011bt\u016f a obli\u010dej\u016f)<\/li>\n<li>prov\u011b\u0159ov\u00e1n\u00ed zabezpe\u010den\u00ed po\u010d\u00edta\u010de a s\u00edt\u00ed<\/li>\n<li>propagace p\u0159es Google ve vyhled\u00e1va\u010di a na str\u00e1nk\u00e1ch formou reklamy<\/li>\n<li>oprava LCD, PC, tisk\u00e1ren, router\u016f a jin\u00fd elektroniky (pokud to jde)<\/li>\n<li>z\u00e1chrana a obnova dat (pokud nejsou \u0161ifrovan\u00e9,p\u0159epsan\u00e9 nebo po\u0161kozen\u00e9)<\/li>\n<li>porad\u00edm jak a \u010d\u00edm odposlouch\u00e1vat komunikaci soused\u016fm, firm\u00e1m, \u00fa\u0159ad\u016fm<\/li>\n<li>pokud v\u00e1m d\u00edt\u011b zaheslovalo mobil, tablet, notebook, po\u010d\u00edta\u010d, tak odhesluji<\/li>\n<li>porad\u00edm s v\u00fdb\u011brem co koupit za hardware a software<\/li>\n<li>sleduj\u00ed-li v\u00e1s sousedi kamerami, porad\u00edm jak na n\u011b<\/li>\n<li>firm\u00e1m porad\u00edm jak kontrolovat nebo omezit zam\u011bstnanc\u016fm internet<\/li>\n<li>jestli v\u00e1s n\u011bkdo okradl p\u0159es internet nebo obt\u011b\u017euje zkus\u00edm ho dohledat<\/li>\n<li>zni\u010den\u00ed osobn\u00edch dat (fotky,hesla,..) na disku v po\u010d\u00edta\u010di, notebooku p\u0159ed vyhozen\u00edm<\/li>\n<li>kompletn\u00ed internetov\u00e9 \u0159e\u0161en\u00ed pro firmy, OSV\u010c &#8211; dom\u00e9na, e-mail, str\u00e1nky, propagace<\/li>\n<\/ul>\n<\/div>\n<p>[\/vc_column_text][vc_accordion style=&#8220;icons&#8220; first_one_open=&#8220;&#8220;][vc_accordion_tab title=&#8220;Webov\u00e9 str\u00e1nky&#8220; icon_name=&#8220;icon-laptop&#8220;][vc_column_text]Vytv\u00e1\u0159\u00edm jedine\u010dn\u00e9 webov\u00e9 str\u00e1nky, str\u00e1nky ze \u201e\u0161ablon\u201d. Uprav\u00edm i va\u0161e st\u00e1vaj\u00edc\u00ed str\u00e1nky.<\/p>\n<p>Nej\u010dast\u011bji z\u0159izuji osobn\u00ed Blogy ze \u0161ablony na vlastn\u00ed dom\u00e9n\u011b. Druh\u00fd v po\u0159ad\u00ed jsou str\u00e1nky zalo\u017een\u00e9 na redak\u010dn\u00edm syst\u00e9mu WordPress. Je to nejlevn\u011bj\u0161\u00ed \u0159e\u0161en\u00ed pro za\u010d\u00ednaj\u00edc\u00ed bloga\u0159ky a bloga\u0159e, ale i OSV\u010c, \u00a0\u017eivnostn\u00edky.[\/vc_column_text][\/vc_accordion_tab][vc_accordion_tab title=&#8220;Grafick\u00e9 n\u00e1vrhy&#8220; icon_name=&#8220;icon-brush&#8220;][vc_column_text]Vytv\u00e1\u0159\u00edm grafick\u00e9 n\u00e1vrhy let\u00e1k\u016f, plak\u00e1t\u016f, j\u00eddeln\u00edch l\u00edstk\u016f, vizitek, \u010dehokoliv.[\/vc_column_text][\/vc_accordion_tab][vc_accordion_tab title=&#8220;Video-prezentace\/animace&#8220; icon_name=&#8220;icon-new-video-1&#8243;][vc_column_text]Vytv\u00e1\u0159\u00edm video prezentace \u010dehokoliv, video n\u00e1vody. Stejn\u011b tak je i upravuji dle p\u0159\u00e1n\u00ed z\u00e1kazn\u00edka.[\/vc_column_text][\/vc_accordion_tab][vc_accordion_tab title=&#8220;Ostatn\u00ed slu\u017eby kolem po\u010d\u00edta\u010d\u016f&#8220; icon_name=&#8220;icon-new-photo-1&#8243;][vc_column_text]D\u011bl\u00e1m servis po\u010d\u00edta\u010d\u016f \u201ena d\u00e1lku\u201d formou vzd\u00e1len\u00fd pomoci. Spravuji a konfiguruji servery a po\u010d\u00edta\u010dov\u00e9 s\u00edt\u011b. D\u00e1v\u00e1m rady co vybrat za hardware a software. V m\u00e9m okol\u00ed d\u011bl\u00e1m servisy v\u0161eho mo\u017en\u00e9ho co souvis\u00ed s IT (opravy PC, spr\u00e1va a stavba s\u00edt\u00ed, z\u00e1chrana a obnova dat, v\u00fdpomoc p\u0159i instalov\u00e1n\u00ed program\u016f,..).[\/vc_column_text][\/vc_accordion_tab][vc_accordion_tab title=&#8220;Propagace a reklama&#8220; icon_name=&#8220;icon-flag&#8220;][vc_column_text]Zviditeln\u00edm va\u0161e slu\u017eby a produkty na internetu skrz Google reklamu.<\/p>\n<p>Nej\u010dast\u011bj\u0161\u00ed zak\u00e1zky jsou v tomhle oboru. Cht\u011bj\u00ed to po m\u011b \u0159emesln\u00edci (OSV\u010c), ale i soukrom\u00e9 osoby, kdy\u017e cht\u011bj\u00ed zviditelnit sv\u00e9 str\u00e1nky nebo n\u011bco cht\u011bj\u00ed prodat.[\/vc_column_text][\/vc_accordion_tab][vc_accordion_tab title=&#8220;Vyhled\u00e1v\u00e1n\u00ed informac\u00ed o osob\u00e1ch&#8220; icon_name=&#8220;icon-new-eye-1&#8243;][vc_column_text]Vyhled\u00e1v\u00e1m informace o lidech a jejich aktivit\u00e1ch na internetu.<\/p>\n<p>Pokud v\u00e1s n\u011bkdo okradl p\u0159es internet nebo v\u00e1m v\u0161elijak \u0161kod\u00ed, tak v\u00e1m s t\u00edm t\u0159eba pom\u016f\u017eu. Policie \u010cR pak m\u00e1 jednodu\u0161\u0161\u00ed pr\u00e1ci.<\/p>\n<p>U\u017e jsem sb\u00edral informace i o uchaze\u010d\u00edch o pr\u00e1ci pro firmy, kde nenab\u00edraj\u00ed ledakoho.[\/vc_column_text][\/vc_accordion_tab][\/vc_accordion][\/vc_column][vc_column width=&#8220;1\/2&#8243; rt_bg_image_repeat=&#8220;repeat&#8220; rt_bg_size=&#8220;auto auto&#8220; rt_bg_attachment=&#8220;scroll&#8220;]<div class=\"rt_heading_wrapper style-1\">\n\t\t\t\t\t\t<h4 class=\"rt_heading  style-1\" >Pro\u010d vyu\u017e\u00edt m\u00fdch slu\u017eeb<\/h4>\n\t\t\t\t\t<\/div>[vc_column_text]Odv\u00e1d\u00edm stejnou pr\u00e1ci jak firmy s podobn\u00fdm zam\u011b\u0159en\u00edm.<\/p>\n<p>Vyb\u00edr\u00e1m vhodn\u00e1 \u0159e\u0161en\u00ed v z\u00e1vislosti na tom, kolik jste ochotni za pr\u00e1ci zaplatit.<\/p>\n<p>Zak\u00e1zky zhotoveny v kr\u00e1tk\u00e9m \u010dase.<\/p>\n<p>Neplat\u00edte DPH, \u00a0jen za nakoupen\u00e9 slu\u017eby nebo hardware, software jinde.<\/p>\n<p>Da\u0148ov\u00fd doklad za moje slu\u017eby nevystavuji!<\/p>\n<p>A\u017e zas n\u011bco budete pot\u0159ebovat, tak to budete cht\u00edt po m\u011b.<\/p>\n<p>U m\u011b, \u017e\u00e1dn\u00fd vykec\u00e1v\u00e1n\u00ed po telefonu nebo osobn\u00ed sch\u016fzky, prost\u011b nap\u00ed\u0161ete co chcete, odpov\u00edm, pak zaplat\u00edte a j\u00e1 se o to postar\u00e1m.[\/vc_column_text][\/vc_column][\/vc_row][vc_row rt_row_background_width=&#8220;fullwidth&#8220; rt_row_content_width=&#8220;default&#8220; rt_row_style=&#8220;alt-style-1&#8243; rt_row_borders=&#8220;&#8220; rt_row_paddings=&#8220;true&#8220; rt_bg_effect=&#8220;classic&#8220; rt_bg_image_repeat=&#8220;repeat&#8220; rt_bg_size=&#8220;cover&#8220; rt_bg_position=&#8220;right top&#8220; rt_bg_attachment=&#8220;scroll&#8220; rt_bg_video_format=&#8220;self-hosted&#8220; rt_padding_top=&#8220;60&#8243; rt_padding_bottom=&#8220;60&#8243;][vc_column rt_bg_image_repeat=&#8220;repeat&#8220; rt_bg_size=&#8220;auto auto&#8220; rt_bg_attachment=&#8220;scroll&#8220;]<div class=\"rt_heading_wrapper style-4\">\n\t\t\t\t\t\t<span class=\"punchline\">Na Doma\u017elicku m\u011b zn\u00e1 v\u00edc lid\u00ed, ne\u017e zn\u00e1m j\u00e1.<\/span><h3 class=\"rt_heading  with_punchline style-4\" >Pen\u00edze V\u00e1m \u0161et\u0159\u00edm j\u00e1 a ob\u010das i pomocn\u00edci z internetu.<\/h3>\n\t\t\t\t\t<\/div><section id=\"staff-541807\" class=\"team border_grid clearfix  \"><div class=\"row clearfix\"><div class=\"col col-sm-12\">\n\n \n<div class=\"loop post-7255 staff type-staff status-publish has-post-thumbnail hentry\" id=\"person-7255\">\t\n\t\t<div class=\"person_image\">\n\t\t<div class=\"person_image_wrapper\">\n\t\t\t\n\t\t\t\t\t\t\t<a href=\"https:\/\/vicnezbuh.cz\/wordpress\/team\/frantisek-f\/\"><img decoding=\"async\" src=\"https:\/\/vicnezbuh.cz\/wordpress\/wp-content\/uploads\/2016\/01\/ff.jpg\" alt=\"Franti\u0161ek F.\" class=\"\" \/><\/a>\n\t\t\t\t\t\t\n\t\t<\/div>\n\t<\/div>\n\t\n\t\t\t<h5 class=\"person_name\"><a href=\"https:\/\/vicnezbuh.cz\/wordpress\/team\/frantisek-f\/\">Franti\u0161ek F.<\/a><\/h5>\n\t\n\t\t\t<span class=\"position\">d\u011bl\u00e1m cokoliv kolem PC a s\u00edt\u00ed<\/span>\n\t\n\t<div class=\"profile\">\n\t\tJeliko\u017e nepracuji, tak m\u00e1m na V\u00e1s \u010das.\t<\/div> \n\n\t<div class=\"person_links_wrapper\"><ul class=\"social_media\"><li class=\"mail\"><a class=\"icon-mail\" target=\"_self\" href=\"mailto:frantisek@vicnezbuh.cz\" title=\"Email\"><span>frantisek@vicnezbuh.cz<\/span><\/a><\/li><li class=\"gplus\"><a class=\"icon-gplus\" target=\"_blank\" href=\"https:\/\/plus.google.com\/u\/0\/110740440773196505652\/photos\" title=\"Google +\"><span>Google+<\/span><\/a><\/li><li class=\"skype\"><a class=\"icon-skype\" target=\"_blank\" href=\"skype:vicnezbuh?call\" title=\"Skype\"><span>Skype<\/span><\/a><\/li><li class=\"paypal\"><a class=\"icon-paypal\" target=\"_blank\" href=\"https:\/\/www.paypal.com\/cgi-bin\/webscr?cmd=_donations&business=frantisek%40vicnezbuh%2ecz&lc=GB&item_name=vicnezbuh%2ecz&item_number=2&currency_code=CZK&bn=PP%2dDonationsBF%3abtn_donateCC_LG_global%2egif%3aNonHosted\" title=\"Paypal\"><span>PayPal (K\u010d)<\/span><\/a><\/li><li class=\"youtube-play\"><a class=\"icon-youtube-play\" target=\"_blank\" href=\"https:\/\/www.youtube.com\/user\/vicnezbuh\" title=\"YouTube\"><span>YouTube<\/span><\/a><\/li><li class=\"ebay\"><a class=\"icon-ebay\" target=\"_blank\" href=\"https:\/\/www.ebay.com\/usr\/vicnezbuh.cz\" title=\"eBay\"><span>eBay<\/span><\/a><\/li><\/ul><\/div>\t\n<\/div>\n<\/div>\n<\/div><\/section>[\/vc_column][\/vc_row][vc_row rt_row_background_width=&#8220;fullwidth&#8220; rt_row_content_width=&#8220;default&#8220; rt_row_style=&#8220;alt-style-2&#8243; rt_row_borders=&#8220;&#8220; rt_grid=&#8220;true&#8220; rt_row_paddings=&#8220;true&#8220; rt_bg_image=&#8220;2742&#8243; rt_bg_effect=&#8220;parallax&#8220; rt_bg_parallax_effect=&#8220;3&#8243; rt_bg_image_repeat=&#8220;no-repeat&#8220; rt_bg_size=&#8220;cover&#8220; rt_bg_position=&#8220;right top&#8220; rt_bg_video_format=&#8220;self-hosted&#8220; rt_padding_top=&#8220;100&#8243; rt_padding_bottom=&#8220;140&#8243;][vc_column width=&#8220;1\/4&#8243; rt_bg_image_repeat=&#8220;repeat&#8220; rt_bg_size=&#8220;auto auto&#8220; rt_bg_attachment=&#8220;scroll&#8220;]<div  class=\"rt_counter\"><span class=\"number\">38<\/span>Vytvo\u0159en\u00fdch webov\u00fdch prezentac\u00ed<\/div>[\/vc_column][vc_column width=&#8220;1\/4&#8243; rt_bg_image_repeat=&#8220;repeat&#8220; rt_bg_size=&#8220;auto auto&#8220; rt_bg_attachment=&#8220;scroll&#8220;]<div  class=\"rt_counter\"><span class=\"number\">5<\/span>Vytvo\u0159en\u00fdch video-prezentac\u00ed\/n\u00e1vod\u016f<\/div>[\/vc_column][vc_column width=&#8220;1\/4&#8243; rt_bg_image_repeat=&#8220;repeat&#8220; rt_bg_size=&#8220;auto auto&#8220; rt_bg_attachment=&#8220;scroll&#8220;]<div  class=\"rt_counter\"><span class=\"number\">43<\/span>Vytvo\u0159en\u00fdch animac\u00ed<\/div>[\/vc_column][vc_column width=&#8220;1\/4&#8243; rt_bg_image_repeat=&#8220;repeat&#8220; rt_bg_size=&#8220;auto auto&#8220; rt_bg_attachment=&#8220;scroll&#8220;]<div  class=\"rt_counter\"><span class=\"number\">247<\/span>Vytvo\u0159en\u00fdch grafick\u00fdch n\u00e1vrh\u016f<\/div>[\/vc_column][\/vc_row][vc_row rt_row_background_width=&#8220;fullwidth&#8220; rt_row_content_width=&#8220;default&#8220; rt_row_style=&#8220;default-style&#8220; rt_row_borders=&#8220;top,bottom&#8220; rt_row_paddings=&#8220;true&#8220; rt_bg_effect=&#8220;classic&#8220; rt_bg_image_repeat=&#8220;no-repeat&#8220; rt_bg_size=&#8220;cover&#8220; rt_bg_position=&#8220;right top&#8220; rt_bg_attachment=&#8220;fixed&#8220; rt_bg_video_format=&#8220;self-hosted&#8220; rt_padding_top=&#8220;60&#8243; rt_padding_bottom=&#8220;60&#8243;][vc_column rt_bg_image_repeat=&#8220;repeat&#8220; rt_bg_size=&#8220;auto auto&#8220; rt_bg_attachment=&#8220;scroll&#8220;]<div class=\"rt_heading_wrapper style-4\">\n\t\t\t\t\t\t<span class=\"punchline\">st\u00e1t si bral z m\u00fdch v\u00fdplat pen\u00edze na soci\u00e1ln\u00ed poji\u0161t\u011bn\u00ed<\/span><h4 class=\"rt_heading  with_punchline style-4\" >a te\u010f je nepust\u00ed<\/h4>\n\t\t\t\t\t<\/div>\t \n\t\t<section  class=\"timeline  \">\n\t\t\t \n\t\t<div  >\n\t\t\t \n\t\t<span class=\"event-date\">\n\t\t\t<span class=\"day\"><\/span>\n\t\t\t<span class=\"month\"><\/span>\n\t\t\t<span class=\"year\">2016<\/span>\n\t\t<\/span>\n\t<div class=\"event-details\"><p>Vyd\u011bl\u00e1v\u00e1m si na velkou dod\u00e1vku k p\u0159estavb\u011b na obytnou. Ze t\u0159ech stovek od st\u00e1tu se fakt ned\u00e1 koupit j\u00eddlo na m\u011bs\u00edc. Budu \u017e\u00edt v dod\u00e1vce jak ameri\u010dani. P\u0159em\u00edst\u00edm se s n\u00ed n\u011bkam za st\u00e1lou prac\u00ed. N\u00e1jem sedm osm tis\u00edc n\u011bkomu fakt platit nehodl\u00e1m. Vyd\u011bl\u00e1vat si budu d\u00e1l t\u00edmhle zp\u016fsobem, kde m\u011b sta\u010d\u00ed jen po\u010d\u00edta\u010d a internet.<\/p>\n<\/div>\n\t\t<\/div>\n\t\t \n\t\t<div  >\n\t\t\t \n\t\t<span class=\"event-date\">\n\t\t\t<span class=\"day\"><\/span>\n\t\t\t<span class=\"month\">b\u0159ezen<\/span>\n\t\t\t<span class=\"year\">2016<\/span>\n\t\t<\/span>\n\t<div class=\"event-details\"><p>St\u00e1le jsem zaevidovan\u00fd\u00a0na \u00da\u0159adu pr\u00e1ce a oni ani za deset\u00a0m\u011bs\u00edc\u016f nejsou schopn\u00ed mi naj\u00edt pr\u00e1ci, kv\u016fli \u0161patn\u00fdmu spojen\u00ed na sm\u011bny. No, j\u00e1 cht\u011bl makat jako OSV\u010c, ale kdy\u017e mi st\u00e1t pap\u00edr nevystav\u00ed, kv\u016fli adrese bydli\u0161t\u011b v ob\u010dance&#8230;<\/p>\n<\/div>\n\t\t<\/div>\n\t\t \n\t\t<div  >\n\t\t\t \n\t\t<span class=\"event-date\">\n\t\t\t<span class=\"day\"><\/span>\n\t\t\t<span class=\"month\">\u010derven<\/span>\n\t\t\t<span class=\"year\">2015<\/span>\n\t\t<\/span>\n\t<div class=\"event-details\"><p>Tak od st\u00e1tu budu dost\u00e1vat 3410 K\u010d m\u011bs\u00ed\u010dn\u011b. Pen\u00edze na bydlen\u00ed, kter\u00fd plat\u00edm 3000 K\u010d m\u011bs\u00ed\u010dn\u011b mi st\u00e1t nedal. Tak\u017ee d\u00e1m t\u0159i tis\u00edce na bydlen\u00ed, stovku za cestu na prac\u00e1k a zp\u011bt a na j\u00eddlo si mus\u00edm vyd\u011blat. Ze zbyl\u00fdch t\u0159ech stovek se fakt ned\u00e1 po\u0159\u00eddit j\u00eddlo na m\u011bs\u00edc. A to si st\u00e1t bral z m\u00fdch v\u00fdplat pen\u00edze na takov\u00fd situace.<\/p>\n<\/div>\n\t\t<\/div>\n\t\t \n\t\t<div  >\n\t\t\t \n\t\t<span class=\"event-date\">\n\t\t\t<span class=\"day\"><\/span>\n\t\t\t<span class=\"month\">Kv\u011bten<\/span>\n\t\t\t<span class=\"year\">2015<\/span>\n\t\t<\/span>\n\t<div class=\"event-details\"><p>Dal\u0161\u00ed pokus o z\u00edsk\u00e1n\u00ed pap\u00edru, abych makal jako OSV\u010c.<\/p>\n<p>I te\u010f jsem nepochodil kv\u016fli\u00a0adrese bydli\u0161t\u011b v ob\u010dance a u\u017e to zkou\u0161et nebudu. Po 45 m\u011bs\u00edc\u00edch, kdy jsem platil v\u0161echno ze sv\u00fdho i zdravotn\u00ed poji\u0161t\u011bn\u00ed sem se zaevidoval na prac\u00e1ku a soci\u00e1lce.<\/p>\n<\/div>\n\t\t<\/div>\n\t\t \n\t\t<div  >\n\t\t\t \n\t\t<span class=\"event-date\">\n\t\t\t<span class=\"day\"><\/span>\n\t\t\t<span class=\"month\">Prosinec<\/span>\n\t\t\t<span class=\"year\">2011<\/span>\n\t\t<\/span>\n\t<div class=\"event-details\"><p>Dostal jsem se do pov\u011bdom\u00fd konkurence, \u017ee jim uj\u00edd\u00e1m z \u201ekol\u00e1\u010de\u201d.<\/p>\n<p>Netu\u0161\u00edm jestli se jim n\u011bkdo pochlubil, \u017ee to jinde m\u011bl levn\u011bj\u0161\u00ed nebo sem se jim jen zviditelnil v Google reklam\u00e1ch.<\/p>\n<\/div>\n\t\t<\/div>\n\t\t \n\t\t<div  >\n\t\t\t \n\t\t<span class=\"event-date\">\n\t\t\t<span class=\"day\"><\/span>\n\t\t\t<span class=\"month\">\u00danor<\/span>\n\t\t\t<span class=\"year\">2011<\/span>\n\t\t<\/span>\n\t<div class=\"event-details\"><p>Na str\u00e1nku jsem dal informaci, \u017ee nab\u00edz\u00edm slu\u017eby kolem po\u010d\u00edta\u010d\u016f a za\u010dala se objevovat popt\u00e1vka po m\u00fdm slu\u017eb\u00e1ch od nezn\u00e1m\u00fdch lid\u00ed a firem.<\/p>\n<\/div>\n\t\t<\/div>\n\t\t \n\t\t<div  >\n\t\t\t \n\t\t<span class=\"event-date\">\n\t\t\t<span class=\"day\"><\/span>\n\t\t\t<span class=\"month\">Kv\u011bten<\/span>\n\t\t\t<span class=\"year\">2009<\/span>\n\t\t<\/span>\n\t<div class=\"event-details\"><p>Zaregistrovan\u00e1 dom\u00e9na. N\u00e1zev je odvozen z hern\u00edho prost\u0159ed\u00ed PC her.<\/p>\n<\/div>\n\t\t<\/div>\n\t\n\t\t<\/section>\n\t[\/vc_column][\/vc_row][vc_row rt_row_background_width=&#8220;fullwidth&#8220; rt_row_content_width=&#8220;default&#8220; rt_row_style=&#8220;alt-style-2&#8243; rt_row_borders=&#8220;&#8220; rt_row_paddings=&#8220;true&#8220; rt_bg_effect=&#8220;classic&#8220; rt_bg_image_repeat=&#8220;repeat&#8220; rt_bg_size=&#8220;cover&#8220; rt_bg_position=&#8220;right top&#8220; rt_bg_attachment=&#8220;scroll&#8220; rt_bg_video_format=&#8220;self-hosted&#8220; rt_padding_top=&#8220;60&#8243; rt_padding_bottom=&#8220;60&#8243;][vc_column rt_bg_image_repeat=&#8220;repeat&#8220; rt_bg_size=&#8220;auto auto&#8220; rt_bg_attachment=&#8220;scroll&#8220;]<div class=\"rt_heading_wrapper style-4\">\n\t\t\t\t\t\t<span class=\"punchline\">je\u0161t\u011b dodatek<\/span><h3 class=\"rt_heading  with_punchline style-4\" >INFO<\/h3>\n\t\t\t\t\t<\/div><section id=\"testimonial-956255\" class=\"border_grid testimonials clearfix  center big \" data-column-width=\"1\"><div class=\"row\"><div id=\"7469\" class=\"testimonial col col-sm-12  first loop post-7469 testimonial type-testimonial status-publish hentry testimonial_categories-informace\">\n\n\n\n<div class=\"text \">\n\t<p>\n\t\t<span class=\"icon-quote-left\"><\/span>\n\t\t\tDa\u0148ov\u00fd doklad za moje slu\u017eby nevystavuji!\t\t<span class=\"icon-quote-right\"><\/span>\n\t<\/p>\n\t<div class=\"client_info\">\n\n\t\t\t \n\t\t\t\t\n\t\t\t\t\t\n\t\t\n\n\t<\/div>\n<\/div><\/div>\n<\/div><div class=\"row\"><div id=\"7519\" class=\"testimonial col col-sm-12  first loop post-7519 testimonial type-testimonial status-publish hentry testimonial_categories-info-vety testimonial_categories-informace\">\n\n\n\n<div class=\"text \">\n\t<p>\n\t\t<span class=\"icon-quote-left\"><\/span>\n\t\t\tJsem levn\u011bj\u0161\u00ed ne\u017e firmy, neplat\u00edte mi DPH a ani n\u00e1klady na dan\u011b!\t\t<span class=\"icon-quote-right\"><\/span>\n\t<\/p>\n\t<div class=\"client_info\">\n\n\t\t\t \n\t\t\t\t\n\t\t\t\t\t\n\t\t\n\n\t<\/div>\n<\/div><\/div>\n<\/div><\/section>[\/vc_column][\/vc_row]<\/p>\n","protected":false},"excerpt":{"rendered":"<p>[vc_row rt_row_background_width=&#8220;fullwidth&#8220; rt_row_content_width=&#8220;default&#8220; rt_row_style=&#8220;default-style&#8220; rt_row_borders=&#8220;&#8220; rt_row_paddings=&#8220;true&#8220; rt_bg_image=&#8220;2369&#8243; rt_bg_effect=&#8220;parallax&#8220; rt_bg_parallax_effect=&#8220;3&#8243; rt_bg_image_repeat=&#8220;repeat&#8220; rt_bg_size=&#8220;cover&#8220; rt_bg_position=&#8220;right top&#8220; rt_bg_video_format=&#8220;self-hosted&#8220; rt_padding_top=&#8220;100&#8243; rt_padding_bottom=&#8220;140&#8243;][vc_column rt_bg_image_repeat=&#8220;repeat&#8220; rt_bg_size=&#8220;auto auto&#8220; rt_bg_attachment=&#8220;scroll&#8220;][\/vc_column][\/vc_row][vc_row rt_row_background_width=&#8220;fullwidth&#8220; rt_row_content_width=&#8220;default&#8220; rt_row_style=&#8220;default-style&#8220; rt_row_borders=&#8220;bottom&#8220; rt_row_paddings=&#8220;true&#8220; rt_bg_effect=&#8220;classic&#8220; rt_bg_image_repeat=&#8220;repeat&#8220; rt_bg_size=&#8220;cover&#8220; rt_bg_position=&#8220;right top&#8220; rt_bg_attachment=&#8220;scroll&#8220; rt_bg_video_format=&#8220;self-hosted&#8220;][vc_column rt_bg_image_repeat=&#8220;repeat&#8220; rt_bg_size=&#8220;auto auto&#8220; rt_bg_attachment=&#8220;scroll&#8220;][vc_column_text] Vyd\u011bl\u00e1v\u00e1m si prac\u00ed kolem po\u010d\u00edta\u010d\u016f. Mus\u00edm, jsem bez pr\u00e1ce, st\u00e1t mi neplat\u00ed n\u00e1klady na bydlen\u00ed. [\/vc_column_text][\/vc_column][\/vc_row][vc_row rt_row_background_width=&#8220;fullwidth&#8220; rt_row_content_width=&#8220;default&#8220; rt_row_style=&#8220;default-style&#8220; [&hellip;]<\/p>\n","protected":false},"author":1,"featured_media":0,"parent":0,"menu_order":0,"comment_status":"closed","ping_status":"open","template":"","meta":{"footnotes":""},"class_list":["post-6949","page","type-page","status-publish","hentry"],"_links":{"self":[{"href":"https:\/\/vicnezbuh.cz\/wordpress\/wp-json\/wp\/v2\/pages\/6949","targetHints":{"allow":["GET"]}}],"collection":[{"href":"https:\/\/vicnezbuh.cz\/wordpress\/wp-json\/wp\/v2\/pages"}],"about":[{"href":"https:\/\/vicnezbuh.cz\/wordpress\/wp-json\/wp\/v2\/types\/page"}],"author":[{"embeddable":true,"href":"https:\/\/vicnezbuh.cz\/wordpress\/wp-json\/wp\/v2\/users\/1"}],"replies":[{"embeddable":true,"href":"https:\/\/vicnezbuh.cz\/wordpress\/wp-json\/wp\/v2\/comments?post=6949"}],"version-history":[{"count":52,"href":"https:\/\/vicnezbuh.cz\/wordpress\/wp-json\/wp\/v2\/pages\/6949\/revisions"}],"predecessor-version":[{"id":7757,"href":"https:\/\/vicnezbuh.cz\/wordpress\/wp-json\/wp\/v2\/pages\/6949\/revisions\/7757"}],"wp:attachment":[{"href":"https:\/\/vicnezbuh.cz\/wordpress\/wp-json\/wp\/v2\/media?parent=6949"}],"curies":[{"name":"wp","href":"https:\/\/api.w.org\/{rel}","templated":true}]}}